= x + 199. Suppose 2*z + 0*z = v. What is the units digit of z?
0
Let p = 19 + -19. Let x(w) = 2*w + 1. Let m be x(-1). What is the units digit of (42 - p) + -2 + m?
9
Suppose -2*k + 732 = 2*k. Suppose 0 = -4*n + k + 289. Suppose 5*w - n = -2*c, 3*w - 67 = -7*c + 2*c. What is the tens digit of w?
2
Let s be ((-60)/70)/(1/(-7)). Let w be s + -3 + 2 + -1. What is the units digit of ((-40)/30)/(w/(-6))?
2
Suppose 0 = -5*k + 2*s + 390, -2*s - 1 - 9 = 0. What is the units digit of k?
6
Let h = 1910 + 171. What is the tens digit of h?
8
Let j(z) = z - 16. Let l be j(11). Let s(k) = 2*k**3 + 7*k**2 - 4. Let o be s(l). Let g = -56 - o. What is the tens digit of g?
2
What is the tens digit of ((-1239)/4)/((-17)/204)?
1
Suppose 0 = 3*z + z - 80. Let y = 14 - z. What is the tens digit of 184/7 + y/21?
2
Let j(x) = -x - 25. Let z be j(-13). Let l be (-8)/(-3)*(-21)/14. What is the units digit of (z/(-8))/(l/(-8))?
3
Suppose p - 479 = 5*h, -1040 - 435 = -3*p - 4*h. What is the tens digit of p?
8
Let t = 276 - -520. Let m = t - 568. What is the units digit of m?
8
Suppose 26*d + 304 = 28*d. Let o = -29 + d. What is the units digit of o?
3
Suppose 4*q = -r + 37, 0 = -2*q - 3*r + 2*r + 19. Suppose q*h - 42 = 6*h. What is the units digit of h?
4
Suppose -4*r + 1261 = 5*v + 106, 4*v - 582 = -2*r. Let m = r + -118. What is the hundreds digit of m?
1
What is the units digit of -247*(2/6 + 16/(-12))?
7
Let f(a) = 40*a - 22. What is the units digit of f(9)?
8
Let l(t) = -77*t + 121. What is the units digit of l(-4)?
9
Let o(c) = -c**2 + 34*c - 34. Let s be o(33). Let d be (1/(-3))/(2/(-78)). Let p = d - s. What is the tens digit of p?
1
Let r be -72*(-9)/30 + (-4)/(-10). Suppose r*c - 28*c + 318 = 0. What is the units digit of c?
3
Let z = -227 - -538. Suppose -5*b = 21 - z. What is the units digit of b?
8
Let n(j) = 11*j - 103. What is the units digit of n(20)?
7
Let o(x) = -2*x + 2 + 8 + 0. Let v be o(5). Suppose 0 = -v*n - 3*n + 66. What is the units digit of n?
2
Suppose -3*y - 2*y + 2*w = -13275, -10622 = -4*y + 2*w. What is the hundreds digit of y?
6
Suppose 5*t = -3*r + 3763, -118 = 2*r + 2*t - 2620. What is the hundreds digit of r?
2
Let s(b) = -3*b + 19. Let k be s(-20). Let a = -68 + k. What is the units digit of a?
1
Let o = 172 - 117. Let y = o - 35. What is the units digit of y?
0
Let q = 5 + -29. Let m = 21 + q. What is the tens digit of (m + (-33)/2)*-2?
3
Suppose -f - 2 = 0, 0 + 8 = 5*u + f. Suppose 4*a - 128 = -m, u*a - 4*m - 33 - 13 = 0. What is the units digit of a?
1
Let w(h) = 7*h**3 + 6*h**2 + 6*h - 5. Let g(b) = b**3 - b**2 - b + 1. Let x(k) = 5*g(k) + w(k). Let o be x(-1). Let f = o - -20. What is the units digit of f?
8
Let q be ((-28)/(-6) + 0)*(4 - 1). Suppose 18*x - 224 = q*x. What is the units digit of x?
6
Let u(o) = 7*o + 29. Let f be u(7). Suppose 126 + f = 3*n. What is the tens digit of n?
6
Suppose -3*i + 2*g + 2992 = 0, 7*g = 3*i + 4*g - 2991. What is the tens digit of i?
9
Suppose -4*w = 4*r - 5616, -4*r + 1896 = -3*w + 6108. What is the thousands digit of w?
1
Let v = 1206 + 1885. What is the hundreds digit of v?
0
Let f = 37 + -35. Suppose -p - f*p = -60. What is the units digit of p?
0
Suppose -4*f + 4 = 0, 5*a + 5*f + 405 = 10*a. What is the units digit of a?
2
Let l(u) = u. Let b be l(3). Suppose p = b*p - 100. What is the units digit of 560/p - 2/10?
1
Suppose -5*r + 16 = -3*r. Let d = 2 + r. What is the tens digit of d?
1
Let n(p) = p**3 - 6*p**2 + p + 6. Let u be n(6). What is the units digit of 1 + 2 + (-4)/(u/(-27))?
2
What is the units digit of (-4)/6 - (-11390)/102?
1
Let s = -853 + 1658. What is the hundreds digit of s?
8
Let w(q) = q**3 + 18*q**2 + 17*q + 13. Suppose -85 = 14*b - 9*b. What is the units digit of w(b)?
3
Let j = 64 + -20. What is the tens digit of j?
4
Suppose -2*w - f + 0 = -7, 4*w = -4*f + 8. What is the units digit of 2304/15 - 3/w?
3
Suppose 4*s - 2*y - 156 = 0, 2*y - 146 = -4*s - y. Suppose x = 3*x - s. Suppose x = 4*i - 121. What is the units digit of i?
5
Let t(s) be the third derivative of -3*s**4/8 - 23*s**2. Suppose 0 = 4*k - 5*x - 11, -5*x - 3 = -5*k + 7. What is the units digit of t(k)?
9
What is the tens digit of (-1461)/(-6)*(-16)/(-4)?
7
Let o = 49 + -42. What is the hundreds digit of o/(3*1/57)?
1
Let f = 13 - 9. Suppose f*w - 61 = 103. What is the units digit of w?
1
Let m(p) = -p**3 + 10*p**2 + 10*p - 18. Let q be m(12). Let u be (1/(-3))/(2/q). Let d = u + -14. What is the units digit of d?
7
Suppose -4*m + 3*o = -4560, -1139 = -42*m + 41*m + o. What is the units digit of m?
3
Let n be (-32)/112 - (-214)/14. What is the hundreds digit of ((-3)/n)/(4/(-3340))?
1
Let m(s) = 11*s**2 + 5*s - 12. Let a be m(-5). Let y = a + -172. What is the units digit of y?
6
Let t = 80 - -63. Suppose 0 = 5*y + t - 1353. What is the tens digit of y?
4
Let w = 1088 - 594. What is the units digit of w?
4
Let l(w) = 185*w**3 - w**2 + 2*w - 1. Suppose -5*b + 0*d = 5*d - 25, b + 2*d - 9 = 0. What is the hundreds digit of l(b)?
1
What is the units digit of 8 + -2 - 1/((-8)/1448)?
7
What is the hundreds digit of ((-359)/2)/(59/(-236))?
7
Suppose -m + 45 = 4*s - 3*s, -2*s + m + 84 = 0. Suppose 9 = -0*v + 3*v. Suppose 0 = v*h - s - 35. What is the units digit of h?
6
Let v = 133 - -58. What is the tens digit of v?
9
Let w be (-5828)/(-16) - 6/(-8). Suppose 5*z + 5*p - w = 0, -4*z + 0*p = 3*p - 292. What is the tens digit of z?
7
Let b(m) = 2*m**2 - 20*m - 73. What is the hundreds digit of b(-12)?
4
Suppose 2*r - 3*l - 13 = 0, -3*l = -4*r - l + 14. What is the units digit of (-610)/(-12) - (-4)/(r - -22)?
1
Let j(i) = 2*i. Let z be j(-4). Let o be 1/(-2) - 20/z. Suppose 40 = -g + o*g. What is the units digit of g?
0
Let i = 15 + -13. Suppose 0 = -u + i. Suppose 0 = -u*t + 10 + 32. What is the units digit of t?
1
Let z be (-12)/8*-2 + 0. Suppose 1 + z = t. Suppose 96 = 5*a - 2*y, 0*y + 6 = a + t*y. What is the tens digit of a?
1
Suppose 1655 = 15*c - 790. Let t = c + -73. What is the units digit of t?
0
Let q(l) = l - l**2 - 4*l**3 + 2 + 6*l**3 - 7 + 1. What is the tens digit of q(3)?
4
Suppose -101*t = -98*t + 1026. What is the tens digit of 13/(39/t)*7/(-3)?
6
Let x(b) = -b**3 - 1. Let l(q) = 3*q**3 + 10*q**2 - 8*q - 8. Let j(p) = l(p) + 4*x(p). Let f be j(9). What is the units digit of ((-90)/25)/(f/45)?
4
Let x be (-10)/(-165)*-3 - 20/11. What is the units digit of 16/(x/3*(-27)/36)?
2
Suppose -4*r = t + 300 - 1276, -3*r + 5*t + 755 = 0. What is the tens digit of r?
4
Let z be 1 - (1 - (4 - 4)). Suppose g + z = -14. What is the tens digit of -60*(1 + g/10)?
2
Let r = -4044 + 5856. What is the tens digit of r?
1
Let v be (-3)/5 - 27/(-45). Suppose 5*b + y + y - 375 = v, -3*y + 370 = 5*b. What is the units digit of b?
7
What is the thousands digit of (-8)/60 + 7 + (-330016)/(-120)?
2
What is the tens digit of 56*17 - (-8 - (1 + -5))?
5
Suppose 0 = -h - 4*h + k + 89, -5*h - k + 91 = 0. Suppose 7 + h = 5*u. Suppose -u*q + 70 = -3*c, 4*c + 48 = 3*q + c. What is the tens digit of q?
1
Suppose -5 = -u + 2*u. Let z(r) = -r - 3. What is the units digit of z(u)?
2
Let u be (-2 + (-10)/(-3))/((-1)/(-3)). Suppose 2*d + t - 380 = 0, -3*d = u*t - 5 - 555. What is the hundreds digit of d?
1
Suppose 2*m + j = 12, 0*m - 24 = -m - 5*j. Suppose m*x = -6 + 10. What is the units digit of x?
1
Suppose 0 = 2*l - 5*a - 11, 0 = 4*l + l + 2*a + 16. Let t be 7/((-14)/(-128)) - l. What is the units digit of (t/(-77))/((-1)/14)?
2
Suppose -603 - 1377 = -12*s. What is the units digit of s?
5
Let i(s) = -s**3 + 6*s**2 - 3*s + 1. Let r be i(4). Let g = 26 - r. Suppose w + g - 58 = 0. What is the tens digit of w?
5
Suppose -9*l + 8*l = -2*k + 3893, k = 2*l + 1954. What is the tens digit of k?
4
Let l(j) = 14*j - 1. Let z be l(1). Suppose z = 7*w - 22. Suppose -4*y + 65 = w*a, -2*y - y + 5*a = -5. What is the tens digit of y?
1
Let k be ((-42)/9)/((-8)/12). Let m(s) = s + 52. What is the units digit of m(k)?
9
Suppose -2*r + 11 + 5 = -4*x, -x = 4*r - 14. Suppose 0 = -4*c - v + 425 + 218, 3*c = -r*v + 492. What is the tens digit of c?
6
Suppose 2*m - o + 65 = -3*m, 0 = 4*m + 2*o + 38. What is the tens digit of (m/(-14))/(3/126)?
3
Let t = 54 + -55. What is the tens digit of 8 - -22 - (2 - t)?
2
Let u(s) = 16*s**2 + 6*s - 3. Let l be u(-3)